(q) = -3*q - 31. Let i(y) = -y - 15. Let s = 539 + -534. Let r(h) = s*i(h) - 2*t(h). Give r(7).
-6
Suppose 3*w + 10 = n, -31 + 9 = 5*w - 3*n. Let h be ((-114)/(-42) + w)*7. Let z(a) = a**3 - 5*a**2 + 3*a - 1. Calculate z(h).
14
Let u(d) be the first derivative of -53*d**2/2 + 487*d + 1220. Give u(9).
10
Let i(r) = -r**3 - r**2 + 5*r + 4. Suppose 5*m - v - 20 = -4, 0 = 4*m + 3*v - 28. Suppose -h + m = 7. Calculate i(h).
7
Let f(v) be the first derivative of 1/6*v**3 + 5*v - 19 + 13/2*v**2 - 1/12*v**4 - 1/20*v**5. Let j(t) be the first derivative of f(t). Calculate j(0).
13
Let i(h) = -2*h - 27. Let d(n) = -n**2 + 14*n + 259. Let z(v) = -d(v) - 7*i(v). Give z(9).
11
Suppose -3*q + 4 = -x, -4*x + 2 + 46 = 4*q. Suppose -4*j = x*j. Let k(c) = -c - 6 + c**3 + 0*c + 3. What is k(j)?
-3
Let f(x) = x**3 - 6*x**2 + x - 8. Suppose -312*v = -308*v - 284. Suppose 0 = -4*z - 47 + v. Give f(z).
-2
Suppose 18 = 5*s + 2*o, -3*s + 6*o - 14 = o. Let j(g) be the third derivative of 1/6*g**3 + 0 + 0*g + 1/6*g**4 + 10*g**s. Calculate j(-2).
-7
Let t(p) be the third derivative of 7*p**4/24 + p**3 + 2809*p**2 + 2. Determine t(8).
62
Let m(v) = v**3 - 7*v**2 - 162 - 157 - 156 + 483 - 10*v. Calculate m(8).
-8
Suppose -4*f = 12 + 36. Let o(w) = 136 - w - 72 - 34 - 41. Calculate o(f).
1
Let u(h) = h**3 + 18*h**2 - 17*h + 7. Let g(c) = c**2 + 46*c + 389. Let a be g(-34). Calculate u(a).
-31
Let d = -3151 + 3147. Let z(y) = -2*y**3 - 4*y**2 - y - 2. What is z(d)?
66
Let i = -381 - -377. Let g(j) = j**2 - j. Let y(s) = -21*s**2 + 6*s + 1. Let r(d) = i*g(d) - y(d). Suppose 0 = 2*a + 2*a + 4. Calculate r(a).
18
Let j(v) = -4*v**3 + 34*v**2 - 15*v - 19. Let u be 1/2*0 + 3 + 5. Let d be j(u). Let c(o) = o + 13. Determine c(d).
2
Let x(o) = -6*o - 5. Let h be (3/4)/((-39)/260). Determine x(h).
25
Let o(k) = -8*k + 6. Let j(x) = -4*x**2 - 36*x - 25. Let r be j(-8). Suppose 0 = -5*q + 3*z + 3, -5*z + 33 = 2*q + r. Calculate o(q).
-18
Let s(t) be the second derivative of t**4/12 + t**3 - t**2 - 3*t. Let d be 1 - (2/(-7) - 2627/(-497)). Determine s(d).
-10
Let z(w) = 2*w**2 + 19*w - 65. Let n(h) = h**2 - 24*h - 124. Let x be n(-4). Determine z(x).
-5
Let w(r) = 1 + r + 3 + 7. Let c = 11409 - 11416. Calculate w(c).
4
Let c(p) be the third derivative of -43*p**6/120 + p**3/6 - p**2 + 5. Suppose 48*a - 39*a - 9 = 0. Calculate c(a).
-42
Let p(n) be the third derivative of n**5/60 - 7*n**4/24 + 5*n**3/6 + 2*n**2. Suppose -622 = -79*y - 148. Determine p(y).
-1
Let l(g) = -41*g**3 + 10*g**2 - g - 8. Let o(c) = 13*c**3 - 8*c**2 + c + 6. Let z(k) = 2*l(k) + 3*o(k). Calculate z(1).
-44
Let n = -12 - -26. Let x(k) = -k**2 + 16*k - 23. Let t be x(n). Let r(q) be the third derivative of -q**4/24 - q**3/3 + 8*q**2. Determine r(t).
-7
Let o(w) = -113*w**2 - 9*w - 4. Let g(c) = -19*c**2 - 2*c. Let k(m) = 6*g(m) - o(m). Determine k(-5).
-6
Suppose 34*l - 37 = -71. Let j(v) = -74*v**3 + 6*v**2 + 3*v + 8. Let s(b) = -49*b**3 + 4*b**2 + 2*b + 5. Let y(g) = 5*j(g) - 8*s(g). Give y(l).
-23
Let b(d) be the third derivative of -d**6/360 + d**5/30 + 3*d**4/8 - 100*d**3/3 - 37*d**2. Let q(m) be the first derivative of b(m). Calculate q(6).
-3
Let y(k) be the first derivative of 0*k + 1/4*k**4 - k**2 + 89 + 5/3*k**3. What is y(-4)?
24
Let u(q) = -q**2 + 10*q. Let b = 382 - 404. Let t be 3/(-2) - 165/b. Determine u(t).
24
Let k(c) = -c - 4. Let a be k(-10). Suppose -5*m + 4*g + a = 0, g - 6*g + 1 = -2*m. Let l(s) = m + 4 + s**2 + 6*s - s. Give l(-6).
12
Suppose -84 = -11*l - 10*l. Let a = 2 - l. Let q(w) = 5*w**2 + 9*w + 3. Determine q(a).
5
Suppose 3*j = 5*q + 21, 3*j - q + 5*q = -6. Let h be (-58)/(-7) - j/7. Let c(f) = f**2 - 6*f - 1. Give c(h).
15
Let u(d) = 2*d + 16 + 19 - 6 + 7 + d**3 - 13 + 12*d**2. Determine u(-12).
-1
Let v(h) = -18*h**3 + 89*h**2 + 3*h + 11. Let k(i) = i**3 + 3*i**2 + 175*i + 1426. Let a be k(-7). Determine v(a).
1
Let s be 2 + (906 - 1) + 54/(-9). Let m(n) = -455 + n**2 + s - 451 - 2*n. Calculate m(6).
19
Let k(r) = 29 + 0*r**2 + 2*r**2 - 1 - r + 0 - 10. Determine k(-6).
96
Let i(l) = 25*l + 699. Let a be i(-28). Let b(m) = 48*m**3 + 2*m**2 + m + 1. Determine b(a).
-46
Let k(v) = 4*v - 1. Let z(l) = -15*l + 23. Suppose -3*o - 1 = -o + s, -3*s = 2*o + 7. Let g(b) = o*z(b) + 3*k(b). What is g(6)?
2
Let r be -7 - (72/(-9))/1. Let v = -3 + 3. Let w(l) = -4 + 9*l + v - 1 + 6. Give w(r).
10
Suppose p + 2163 = 3*l + 2*l, 5*l - 2148 = -4*p. Let y = l - 432. Let q(m) = -m**3 - m**2 + 8. What is q(y)?
8
Let z(l) = -l + 9. Let o = 7159 - 7157. Calculate z(o).
7
Let c(x) = 18*x**2. Let i(m) = 2*m**2 + 100*m - 104. Let r be i(-51). What is c(r)?
72
Let d(j) = -5*j**2 + 14*j - 6. Let y(f) = -6*f**2 + 15*f - 7. Let m(n) = -5*d(n) + 4*y(n). Let z(w) = -w**3 + 13*w**2 + 31*w - 6. Let o be z(15). What is m(o)?
-7
Let z(d) = d**3 - 9*d**2 + 2*d - 9. Let o(y) = -181*y**3 - 2*y**2 + y - 1. Let n be o(1). Let k = n - -192. Give z(k).
9
Let f = 10 - 8. Suppose 0*c = f*c + 4*c. Suppose c = -s - 85 + 84. Let o(j) = 7*j**2 + j + 1. Give o(s).
7
Let z(y) be the first derivative of 12*y - 134 - 1/2*y**2. Calculate z(17).
-5
Let q = 6 + -9. Let o = q + 7. Let p(b) = 291*b + 3 - 1 - 293*b. Determine p(o).
-6
Let l(o) = -29*o - 74. Let j be -20 + (-14 - -16) - -16. Calculate l(j).
-16
Let c = -14 - 17. Let t = -36 - c. Let y(l) = -l + 10. Let m(a) = -1. Let w(i) = -5*m(i) - y(i). Give w(t).
-10
Let g(v) = v**3 - 4*v**2 - 8*v + 13. Let r be g(6). Let n = r - 29. Let s(o) = n*o - 7*o**3 - 12 + 3*o**3 + 5*o**3 - 8*o**2 + 3. Calculate s(7).
-2
Let n(z) = z**3 + 7*z**2 - 6*z + 28. Suppose -2244*b = -2267*b - 184. Determine n(b).
12
Let x(m) = 6*m**3 + 10*m**2 - 9*m**3 - 11*m**2 + 6*m**3 + 3 - m**2. Calculate x(2).
19
Suppose -v - 2*d - 33 = -7*d, 4*d = v + 28. Let t be v/(-40)*2*-10. Let f(w) = w**3 + 4*w**2 - 5. Determine f(t).
-5
Let l(h) be the second derivative of h**5/20 + h**4/12 + h**3/6 + 9*h**2/2 + 22*h - 44. What is l(-5)?
-96
Let g(c) = 2*c**3 - 21*c**2 + 12*c - 13. Let i be g(10). Let p(s) = -4*s - i*s - 3 - 11*s**3 + 14 - 8*s**2 + 12*s**3. What is p(9)?
-7
Let k(l) be the second derivative of l**5/30 - l**4/2 - l**3/3 + 31*l**2 + l - 34. Let j(f) be the first derivative of k(f). What is j(5)?
-12
Let p(a) = a**2 - a + 4. Let k be p(2). Suppose n = -n + k. Let g(m) = 0*m**2 - 2*m + m - m**2 - 2 + 5*m**2 - m**n. Calculate g(3).
4
Let b(p) = -p + 10. Let l be b(7). Let x be ((-18)/15)/(l*3/(-30)). Let w be x/(-28)*0 + (1 - 1). Let h(d) = -d**2 + 4. Determine h(w).
4
Let v(m) = -m**3 - 2 + 2*m**3 + 1 + 4*m + 6*m**2. Suppose -62 + 1682 = -324*d. Determine v(d).
4
Let t = 868 - 865. Suppose t*v + 2 = -3*y - 1, v = 5*y - 19. Let k(n) = -2*n**2 - n - 5. Determine k(v).
-33
Let f(h) be the second derivative of h**5/20 + 5*h**4/12 - h**3/6 - h**2 + 165*h + 2. Suppose -3*p - 19 = -4. Calculate f(p).
3
Let z(l) = -10*l**2 + 9*l + 105*l**3 + 166*l**3 - 270*l**3 - 3. Suppose 162 = -4*w - 2*w. Let r be 18/w*54/(-4). Determine z(r).
-3
Suppose -q - 5*a + 4 = 2, 5*a = 0. Suppose 130 = q*d + 3*d. Suppose -4*s - 3*i = d, s - 7*i = -2*i + 5. Let k(o) = o**3 + 6*o**2 + 8*o + 5. Calculate k(s).
-10
Let m(a) = -16*a**2 + 13*a + 8. Let j(b) = -43*b**2 + 38*b + 21. Let h(d) = -3*j(d) + 8*m(d). Determine h(12).
25
Let v = 136 + -132. Suppose -5*k - v*j = 10, -5*j - 21 = 3*k - k. Let x(t) = -3*t**2 + 0 - t**3 - 3 + 3*t + 0*t. What is x(k)?
-17
Let v(u) = 2*u**2 + 5*u - 293. Let w be v(11). Let j(r) = 2*r + 1 - 3*r**2 + 4*r**2 - 6*r. Give j(w).
1
Let x(r) = r. Let c be x(3). Let m(t) = -7 - c - 3*t + 6 - t**2 - t. Suppose 3*j + 8 = 2, -2*s + 5*j = -2. Determine m(s).
-4
Let c(m) = -m**2 - 5*m + 7. Let f(g) = -g**3 + 13*g + 7. Suppose -v - 2*h = -2, 14*v - h = 17*v - 11. Let q be f(v). Calculate c(q).
7
Suppose -33*v = -35*v - 4*q - 28, 3*q = 2*v + 35. Let x(n) = 4*n - 37. What is x(v)?
-101
Let o(v) be the first derivative of v**5/30 + 5*v**4/12 + 2*v**3/3 + v**2/2 - 16*v - 35. Let j(p) be the second derivative of o(p). Calculate j(-5).
4
Let g(v) = v**3 + 5*v**2 - 9*v - 9. Let l(o) be the third derivative of 0 + 0*o + 1/60*o**5 - 11/6*o**3 + 20*o**2 - 1/6*o**4. Let k be l(5). Calculate g(k).
9
Let x(n) = -n + 3. Let q(u) = 2*u - 5. Let s(o) = -6*q(o) - 11*x(o). Suppose 72*i - 658 + 43 = -133*i. Determine s(i).
-6
Let v(m) = m*